{"id":"ch.bav.sachplan-unterirdischer-guetertransport_kraft","name":"SP Unterirdischer G\u00fctertransport","fields":[{"name":"validuntil","type":"VARCHAR","alias":"ch.bav.sachplan-unterirdischer-guetertransport_kraft.validuntil","values":[null]},{"name":"meastype_text_fr","type":"VARCHAR","alias":"ch.bav.sachplan-unterirdischer-guetertransport_kraft.meastype_text_fr","values":["Corridor de planification","PP chantier","PP gestion des mat\u00e9riaux sp\u00e9cifique au projet","P\u00e9rim\u00e8tre de planification (PP)  Hub"]},{"name":"facname_de","type":"VARCHAR","alias":"ch.bav.sachplan-unterirdischer-guetertransport_kraft.facname_de","values":["Bergr\u00fcti Dulliken","Suhr \u2013 Schafisheim","Urdorf \u2013 Z\u00fcrich Zentrum","Z\u00fcrich Oerlikon","Z\u00fcrich Ost"]},{"name":"description_de","type":"VARCHAR","alias":"ch.bav.sachplan-unterirdischer-guetertransport_kraft.description_de","values":["-","Deponie Typ A","Grafischer Zentrumspunkt Planungskorridor","Grafischer Zentrumspunkt Planungsperimeter","Zwischenangriff"]},{"name":"coordlevel_text_fr","type":"VARCHAR","alias":"ch.bav.sachplan-unterirdischer-guetertransport_kraft.coordlevel_text_fr","values":["Coordination en cours","Information pr\u00e9alable"]},{"name":"doc_gesamtbericht_web","type":"VARCHAR","alias":"ch.bav.sachplan-unterirdischer-guetertransport_kraft.doc_gesamtbericht_web","values":["https://www.bav.admin.ch/dam/de/sd-web/QE5cCy-jM91H/sachplan-verkehr-teil-unterirdischer-guetertransport.pdf"]},{"name":"doc_gesamtbericht_title","type":"VARCHAR","alias":"ch.bav.sachplan-unterirdischer-guetertransport_kraft.doc_gesamtbericht_title","values":["Sachplan Verkehr, Teil Unterirdische G\u00fctertransportanlagen (Gesamtbericht)"]},{"name":"plstatus_text_it","type":"VARCHAR","alias":"ch.bav.sachplan-unterirdischer-guetertransport_kraft.plstatus_text_it","values":["in vigore"]},{"name":"coordlevel_text_it","type":"VARCHAR","alias":"ch.bav.sachplan-unterirdischer-guetertransport_kraft.coordlevel_text_it","values":["Informazione preliminare","Risultato intermedio"]},{"name":"coordlevel_text_de","type":"VARCHAR","alias":"ch.bav.sachplan-unterirdischer-guetertransport_kraft.coordlevel_text_de","values":["Vororientierung","Zwischenergebnis"]},{"name":"facname_it","type":"VARCHAR","alias":"ch.bav.sachplan-unterirdischer-guetertransport_kraft.facname_it","values":["Bergr\u00fcti Dulliken","Suhr \u2013 Schafisheim","Urdorf \u2013 Z\u00fcrich Zentrum","Z\u00fcrich Oerlikon","Z\u00fcrich Ost"]},{"name":"doc_objektblatt_web","type":"VARCHAR","alias":"ch.bav.sachplan-unterirdischer-guetertransport_kraft.doc_objektblatt_web","values":["https://www.bav.admin.ch/dam/de/sd-web/6P5sfEsZmPWQ/ob-1-1-zuerich-limmattal.pdf","https://www.bav.admin.ch/dam/de/sd-web/GXk8mrZa2zv7/ob-8-2-aargau-west.pdf","https://www.bav.admin.ch/dam/de/sd-web/LLllMM9LPGU-/ob-8-1-aargau-ost.pdf","https://www.bav.admin.ch/dam/de/sd-web/itU0QR3-BS4K/ob-4-1-gaeu.pdf"]},{"name":"meastype_text_it","type":"VARCHAR","alias":"ch.bav.sachplan-unterirdischer-guetertransport_kraft.meastype_text_it","values":["Corridoio di pianificazione","PP cantiere","PP gestione del materiale  specifiche per il progetto","Perimetro di pianificazione (PP) Hub"]},{"name":"plstatus_text_de","type":"VARCHAR","alias":"ch.bav.sachplan-unterirdischer-guetertransport_kraft.plstatus_text_de","values":["in Kraft"]},{"name":"plstatus_text_fr","type":"VARCHAR","alias":"ch.bav.sachplan-unterirdischer-guetertransport_kraft.plstatus_text_fr","values":["en vigueur"]},{"name":"description_fr","type":"VARCHAR","alias":"ch.bav.sachplan-unterirdischer-guetertransport_kraft.description_fr","values":["-","Attaque interm\u00e9diaire","D\u00e9charge type A","Point central graphique du corridor de planification","Point central graphique du p\u00e9rim\u00e8tre de planification"]},{"name":"facname_fr","type":"VARCHAR","alias":"ch.bav.sachplan-unterirdischer-guetertransport_kraft.facname_fr","values":["Bergr\u00fcti Dulliken","Suhr \u2013 Schafisheim","Urdorf \u2013 Z\u00fcrich Zentrum","Z\u00fcrich Oerlikon","Z\u00fcrich Ost"]},{"name":"id","type":"VARCHAR","alias":"ch.bav.sachplan-unterirdischer-guetertransport_kraft.id","values":["226-M-01-0002","226-M-01-0014","226-M-01-0016","226-M-02-0022","226-M-05-0001"]},{"name":"doc_objektblatt_title","type":"VARCHAR","alias":"ch.bav.sachplan-unterirdischer-guetertransport_kraft.doc_objektblatt_title","values":["OB 1.1 Z\u00fcrich \u2013 Limmattal","OB 4.1 G\u00e4u","OB 8.1 Aargau Ost","OB 8.2 Aargau West"]},{"name":"description_it","type":"VARCHAR","alias":"ch.bav.sachplan-unterirdischer-guetertransport_kraft.description_it","values":["-","Attacco intermedio","Discariche tipo A","Punto centrale grafico Corridoio di pianificazione","Punto centrale grafico del perimetro di pianificazione"]},{"name":"validfrom","type":"VARCHAR","alias":"ch.bav.sachplan-unterirdischer-guetertransport_kraft.validfrom","values":["2025-06-25"]},{"name":"meastype_text_de","type":"VARCHAR","alias":"ch.bav.sachplan-unterirdischer-guetertransport_kraft.meastype_text_de","values":["PP Installationsplatz","PP projektspezifische Materialbewirtschaftung","Planungskorridor","Planungsperimeter (PP) Hub"]},{"name":"facstatus_text_it","type":"VARCHAR","alias":"ch.bav.sachplan-unterirdischer-guetertransport_kraft.facstatus_text_it","values":["Nuova installazione"]},{"name":"fackind_text_de","type":"VARCHAR","alias":"ch.bav.sachplan-unterirdischer-guetertransport_kraft.fackind_text_de","values":["Projektspezifische\u00a0Materialbewirtschaftung","Zentrumspunkt","Zwischenangriff / Unterhaltstelle"]},{"name":"facstatus_text_de","type":"VARCHAR","alias":"ch.bav.sachplan-unterirdischer-guetertransport_kraft.facstatus_text_de","values":["Neubau"]},{"name":"fackind_text_it","type":"VARCHAR","alias":"ch.bav.sachplan-unterirdischer-guetertransport_kraft.fackind_text_it","values":["Attacco intermedio / postazione di mantenuzione","Gestione del materiale specifiche per il\u00a0progetto","Punto centrale"]},{"name":"fackind_text_fr","type":"VARCHAR","alias":"ch.bav.sachplan-unterirdischer-guetertransport_kraft.fackind_text_fr","values":["Attaque interm\u00e9diaire / poste d'entretien","Gestion des mat\u00e9riaux sp\u00e9cifique au projet","Point central"]},{"name":"facstatus_text_fr","type":"VARCHAR","alias":"ch.bav.sachplan-unterirdischer-guetertransport_kraft.facstatus_text_fr","values":["Nouvelle installation"]}]}

SP Unterirdischer Gütertransport

PP gestion des matériaux spécifique au projet

Périmètre de planification (PP)  Hub

Bergrüti Dulliken

Urdorf – Zürich Zentrum

Zürich Oerlikon

Zürich Ost

Information préalable

Sachplan Verkehr, Teil Unterirdische Gütertransportanlagen (Gesamtbericht)

Attaque intermédiaire

Décharge type A

Point central graphique du périmètre de planification

OB 1.1 Zürich – Limmattal

OB 4.1 Gäu

Attaque intermédiaire / poste d'entretien

Gestion des matériaux spécifique au projet
